{"id":847,"date":"2025-10-25T18:28:25","date_gmt":"2025-10-25T18:28:25","guid":{"rendered":"https:\/\/www.manuelcdm.fr\/?page_id=847"},"modified":"2025-10-25T20:11:20","modified_gmt":"2025-10-25T20:11:20","slug":"lequipement","status":"publish","type":"page","link":"https:\/\/www.manuelcdm.fr\/index.php\/lequipement\/","title":{"rendered":"L&#8217;\u00e9quipement"},"content":{"rendered":"\t\t<div data-elementor-type=\"wp-page\" data-elementor-id=\"847\" class=\"elementor elementor-847\">\n\t\t\t\t<div class=\"elementor-element elementor-element-73d9cc0 e-flex e-con-boxed e-con e-parent\" data-id=\"73d9cc0\" data-element_type=\"container\">\n\t\t\t\t\t<div class=\"e-con-inner\">\n\t\t<div class=\"elementor-element elementor-element-d4bd44b e-con-full e-flex e-con e-child\" data-id=\"d4bd44b\" data-element_type=\"container\">\n\t\t\t\t<div class=\"elementor-element elementor-element-3a798d3 elementor-widget elementor-widget-text-editor\" data-id=\"3a798d3\" data-element_type=\"widget\" data-widget_type=\"text-editor.default\">\n\t\t\t\t\t\t\t\t\t<h3 class=\"western\" align=\"LEFT\"><span style=\"color: #000000;\"><span style=\"font-family: Times New Roman, serif;\"><span style=\"font-size: medium;\"><strong>L&#8217;argent<br \/><\/strong><\/span><\/span><\/span><span style=\"color: #000000;\"><span style=\"font-family: Times New Roman, serif;\"><span style=\"font-size: medium;\">Comme dans beaucoup de soci\u00e9t\u00e9, l&#8217;argent est vital. Dans les Royaumes Oubli\u00e9s, chaque royaume frappe sa propre monnaie, mais n\u00e9anmoins, pour des raisons commerciales, on peut classer la monnaie en 4 grandes sortes de pi\u00e8ces :<br \/>La pi\u00e8ce d&#8217;or\u00a0: abr\u00e9g\u00e9e en po, il s&#8217;agit souvent de la pi\u00e8ce de base.<br \/>La pi\u00e8ce d&#8217;argent\u00a0(pa) : 10 pa valent 1po<br \/>La pi\u00e8ce de cuivre\u00a0(pc) : 10pc valent pa<br \/>La pi\u00e8ce de platine\u00a0(pp) : 10po valent 1pp<br \/>Une bourse normale peut contenir une cinquantaine de pi\u00e8ce.<br \/>N\u00e9anmoins, certains produits pr\u00e9cieux, comme le lingot ou les bijoux peuvent \u00eatre utilis\u00e9 pour certaines transactions. Ainsi, un lingot d&#8217;or vaut 1000po, et la valeur des pierres pr\u00e9cieuses est variable suivant la taille et la pierre.<br \/>Plus de renseignements sur la monnaie dans Faer\u00fbn<\/span><\/span><\/span><span style=\"color: #000000;\"><span style=\"font-family: Times New Roman, serif;\"><span style=\"font-size: medium;\"><br \/><\/span><\/span><\/span><span style=\"color: #000000;\"><span style=\"font-family: Times New Roman, serif;\"><span style=\"font-size: medium;\">L&#8217;argent de d\u00e9part d\u00e9pend de la classe.<\/span><\/span><\/span><\/h3><ul><li><p align=\"LEFT\"><strong><span style=\"color: #000000;\"> <span style=\"font-family: Times New Roman, serif;\"><span style=\"font-size: medium;\">Barbare<\/span><\/span><\/span><\/strong><span style=\"color: #000000;\"><span style=\"font-family: Times New Roman, serif;\"><span style=\"font-size: medium;\">\u00a0: 100 po<\/span><\/span><\/span><\/p><\/li><li><p align=\"LEFT\"><strong><span style=\"color: #000000;\"> <span style=\"font-family: Times New Roman, serif;\"><span style=\"font-size: medium;\">Ensorceleur<\/span><\/span><\/span><\/strong><span style=\"color: #000000;\"><span style=\"font-family: Times New Roman, serif;\"><span style=\"font-size: medium;\">\u00a0: 75 po<\/span><\/span><\/span><\/p><\/li><li><p align=\"LEFT\"><strong><span style=\"color: #000000;\"> <span style=\"font-family: Times New Roman, serif;\"><span style=\"font-size: medium;\">Moine<\/span><\/span><\/span><\/strong><span style=\"color: #000000;\"><span style=\"font-family: Times New Roman, serif;\"><span style=\"font-size: medium;\">\u00a0: 15 po<\/span><\/span><\/span><\/p><\/li><li><p align=\"LEFT\"><strong><span style=\"color: #000000;\"> <span style=\"font-family: Times New Roman, serif;\"><span style=\"font-size: medium;\">R\u00f4deur<\/span><\/span><\/span><\/strong><span style=\"color: #000000;\"><span style=\"font-family: Times New Roman, serif;\"><span style=\"font-size: medium;\">\u00a0: 150 po<\/span><\/span><\/span><\/p><\/li><li><p align=\"LEFT\"><strong><span style=\"color: #000000;\"> <span style=\"font-family: Times New Roman, serif;\"><span style=\"font-size: medium;\">Barde<\/span><\/span><\/span><\/strong><span style=\"color: #000000;\"><span style=\"font-family: Times New Roman, serif;\"><span style=\"font-size: medium;\">\u00a0: 100 po<\/span><\/span><\/span><\/p><\/li><li><p align=\"LEFT\"><strong><span style=\"color: #000000;\"> <span style=\"font-family: Times New Roman, serif;\"><span style=\"font-size: medium;\">Guerrier<\/span><\/span><\/span><\/strong><span style=\"color: #000000;\"><span style=\"font-family: Times New Roman, serif;\"><span style=\"font-size: medium;\">\u00a0: 150 po<\/span><\/span><\/span><\/p><\/li><li><p align=\"LEFT\"><strong><span style=\"color: #000000;\"> <span style=\"font-family: Times New Roman, serif;\"><span style=\"font-size: medium;\">Paladin<\/span><\/span><\/span><\/strong><span style=\"color: #000000;\"><span style=\"font-family: Times New Roman, serif;\"><span style=\"font-size: medium;\">\u00a0: 150 po<\/span><\/span><\/span><\/p><\/li><li><p align=\"LEFT\"><strong><span style=\"color: #000000;\"> <span style=\"font-family: Times New Roman, serif;\"><span style=\"font-size: medium;\">Roublard<\/span><\/span><\/span><\/strong><span style=\"color: #000000;\"><span style=\"font-family: Times New Roman, serif;\"><span style=\"font-size: medium;\">\u00a0: 125 po<\/span><\/span><\/span><\/p><\/li><li><p align=\"LEFT\"><strong><span style=\"color: #000000;\"> <span style=\"font-family: Times New Roman, serif;\"><span style=\"font-size: medium;\">Druide<\/span><\/span><\/span><\/strong><span style=\"color: #000000;\"><span style=\"font-family: Times New Roman, serif;\"><span style=\"font-size: medium;\">\u00a0: 50 po<\/span><\/span><\/span><\/p><\/li><li><p align=\"LEFT\"><strong><span style=\"color: #000000;\"> <span style=\"font-family: Times New Roman, serif;\"><span style=\"font-size: medium;\">Magicien<\/span><\/span><\/span><\/strong><span style=\"color: #000000;\"><span style=\"font-family: Times New Roman, serif;\"><span style=\"font-size: medium;\">\u00a0: 75 po<\/span><\/span><\/span><\/p><\/li><li><p align=\"LEFT\"><strong><span style=\"color: #000000;\"> <span style=\"font-family: Times New Roman, serif;\"><span style=\"font-size: medium;\">Clerc<\/span><\/span><\/span><\/strong><span style=\"color: #000000;\"><span style=\"font-family: Times New Roman, serif;\"><span style=\"font-size: medium;\">\u00a0: 125 po<\/span><\/span><\/span><\/p><\/li><li><p align=\"LEFT\"><span style=\"color: #000000;\"> <span style=\"font-family: Times New Roman, serif;\"><span style=\"font-size: medium;\">Chevalier : 150 po<\/span><\/span><\/span><\/p><\/li><li><p align=\"LEFT\"><span style=\"color: #000000;\"> <span style=\"font-family: Times New Roman, serif;\"><span style=\"font-size: medium;\">\u00c9claireur : 100 po<\/span><\/span><\/span><\/p><\/li><li><p align=\"LEFT\"><span style=\"color: #000000;\"> <span style=\"font-family: Times New Roman, serif;\"><span style=\"font-size: medium;\">Lame de Bataille : 150 po<\/span><\/span><\/span><\/p><\/li><li><p align=\"LEFT\"><span style=\"color: #000000;\"> <span style=\"font-family: Times New Roman, serif;\"><span style=\"font-size: medium;\">Spasassin : 150 po<\/span><\/span><\/span><\/p><\/li><li><p align=\"LEFT\"><span style=\"color: #000000;\"> <span style=\"font-family: Times New Roman, serif;\"><span style=\"font-size: medium;\">Tueur : 125 po<\/span><\/span><\/span><\/p><\/li><li><p align=\"LEFT\"><span style=\"color: #000000;\"> <span style=\"font-family: Times New Roman, serif;\"><span style=\"font-size: medium;\">Chaman Draconique : 75 po<\/span><\/span><\/span><\/p><\/li><li><p align=\"LEFT\"><span style=\"color: #000000;\"> <span style=\"font-family: Times New Roman, serif;\"><span style=\"font-size: medium;\">Ensorceleur de Bataille : 100 po<\/span><\/span><\/span><\/p><\/li><li><p align=\"LEFT\"><span style=\"color: #000000;\"> <span style=\"font-family: Times New Roman, serif;\"><span style=\"font-size: medium;\">Occultiste : 100 po<\/span><\/span><\/span><\/p><\/li><li><p align=\"LEFT\"><span style=\"color: #000000;\"> <span style=\"font-family: Times New Roman, serif;\"><span style=\"font-size: medium;\">Oracle : 100 po<\/span><\/span><\/span><\/p><\/li><li><p align=\"LEFT\"><span style=\"color: #000000;\"> <span style=\"font-family: Times New Roman, serif;\"><span style=\"font-size: medium;\">Scelleur : 75 po<\/span><\/span><\/span><\/p><\/li><li><p align=\"LEFT\"><span style=\"color: #000000;\"> <span style=\"font-family: Times New Roman, serif;\"><span style=\"font-size: medium;\">Sorci\u00e8re : 75 po<\/span><\/span><\/span><\/p><\/li><\/ul><p align=\"LEFT\"><span style=\"color: #000000;\"><span style=\"font-family: Times New Roman, serif;\"><span style=\"font-size: medium;\">Pour les autres classes, le montant exact est pr\u00e9cis\u00e9 dans le descriptif de la classe.<\/span><\/span><\/span><\/p>\t\t\t\t\t\t\t\t<\/div>\n\t\t\t\t<\/div>\n\t\t\t\t\t<\/div>\n\t\t\t\t<\/div>\n\t\t<div class=\"elementor-element elementor-element-e91aca0 e-flex e-con-boxed e-con e-parent\" data-id=\"e91aca0\" data-element_type=\"container\">\n\t\t\t\t\t<div class=\"e-con-inner\">\n\t\t\t\t<div class=\"elementor-element elementor-element-3d42988 elementor-widget elementor-widget-button\" data-id=\"3d42988\" data-element_type=\"widget\" data-widget_type=\"button.default\">\n\t\t\t\t\t\t\t\t\t\t<a class=\"elementor-button elementor-button-link elementor-size-sm\" href=\"https:\/\/www.manuelcdm.fr\/index.php\/les-armes\/\">\n\t\t\t\t\t\t<span class=\"elementor-button-content-wrapper\">\n\t\t\t\t\t\t\t\t\t<span class=\"elementor-button-text\">Les Armes<\/span>\n\t\t\t\t\t<\/span>\n\t\t\t\t\t<\/a>\n\t\t\t\t\t\t\t\t<\/div>\n\t\t\t\t\t<\/div>\n\t\t\t\t<\/div>\n\t\t<div class=\"elementor-element elementor-element-9a4fec6 e-flex e-con-boxed e-con e-parent\" data-id=\"9a4fec6\" data-element_type=\"container\">\n\t\t\t\t\t<div class=\"e-con-inner\">\n\t\t\t\t<div class=\"elementor-element elementor-element-238e070 elementor-widget elementor-widget-text-editor\" data-id=\"238e070\" data-element_type=\"widget\" data-widget_type=\"text-editor.default\">\n\t\t\t\t\t\t\t\t\t<p align=\"LEFT\"><span style=\"color: #000000;\"><span style=\"font-family: Times New Roman, serif;\"><span style=\"font-size: medium;\">Mis \u00e0 part les moines et ceux qui ont le don &#8220;Science du combat \u00e0 main nues&#8221;, tout personnage a int\u00e9r\u00eat \u00e0 prendre une arme\u00a0<\/span><\/span><\/span><strong><span style=\"color: #000000;\"><span style=\"font-family: Times New Roman, serif;\"><span style=\"font-size: medium;\">qu&#8217;il sait manier<\/span><\/span><\/span><\/strong><span style=\"color: #000000;\"><span style=\"font-family: Times New Roman, serif;\"><span style=\"font-size: medium;\">. Cette restriction s&#8217;applique peu aux classes combattantes, mais doit \u00eatre garder en t\u00eate par les autres.<br \/>Les armes se divisent en 3 grande cat\u00e9gorie : contondante, tranchante et per\u00e7ante. Certaines cr\u00e9atures r\u00e9sistant particuli\u00e8rement \u00e0 l&#8217;un de ses types d&#8217;armes, il est conseill\u00e9 d&#8217;avoir une arme secondaire d&#8217;un type diff\u00e9rent de son arme primaire afin de parer \u00e0 de nombreuses \u00e9ventualit\u00e9s.<br \/>De m\u00eame, le personnage avis\u00e9 prendra soin de toujours se munir d&#8217;une arme au corp \u00e0 corp, m\u00eame si sa sp\u00e9cialit\u00e9 est l&#8217;arme \u00e0 distance.<\/span><\/span><\/span><\/p>\t\t\t\t\t\t\t\t<\/div>\n\t\t\t\t\t<\/div>\n\t\t\t\t<\/div>\n\t\t<div class=\"elementor-element elementor-element-548e739 e-flex e-con-boxed e-con e-parent\" data-id=\"548e739\" data-element_type=\"container\">\n\t\t\t\t\t<div class=\"e-con-inner\">\n\t\t\t\t<div class=\"elementor-element elementor-element-d681c72 elementor-widget elementor-widget-button\" data-id=\"d681c72\" data-element_type=\"widget\" data-widget_type=\"button.default\">\n\t\t\t\t\t\t\t\t\t\t<a class=\"elementor-button elementor-button-link elementor-size-sm\" href=\"https:\/\/www.manuelcdm.fr\/index.php\/les-armures\/\">\n\t\t\t\t\t\t<span class=\"elementor-button-content-wrapper\">\n\t\t\t\t\t\t\t\t\t<span class=\"elementor-button-text\">Les Armures et Boucliers<\/span>\n\t\t\t\t\t<\/span>\n\t\t\t\t\t<\/a>\n\t\t\t\t\t\t\t\t<\/div>\n\t\t\t\t\t<\/div>\n\t\t\t\t<\/div>\n\t\t<div class=\"elementor-element elementor-element-71f4eb6 e-flex e-con-boxed e-con e-parent\" data-id=\"71f4eb6\" data-element_type=\"container\">\n\t\t\t\t\t<div class=\"e-con-inner\">\n\t\t\t\t<div class=\"elementor-element elementor-element-8590c04 elementor-widget elementor-widget-text-editor\" data-id=\"8590c04\" data-element_type=\"widget\" data-widget_type=\"text-editor.default\">\n\t\t\t\t\t\t\t\t\t<p align=\"LEFT\"><span style=\"color: #000000;\"><span style=\"font-family: Times New Roman, serif;\"><span style=\"font-size: medium;\">Certaines classes peuvent avoir besoin d&#8217;une armure alors que d&#8217;autres non. L&#8217;armure g\u00e9nant les mouvement, elle g\u00e8ne tous les jets en rapport avec la dext\u00e9rit\u00e9 ainsi que le lancement de sort profane. C&#8217;est pourquoi les mages et les ensorceleurs n&#8217;ont g\u00e9n\u00e9ralement pas d&#8217;armure et que les bardes et roublard en ont une l\u00e9g\u00e8re.<br \/>De m\u00eame que pour les armes, un personnage ne prendra une armure que dont il a le don correspondant. Le port de l&#8217;armure augmenta la Classe d&#8217;Armure, elle peut \u00eatre utile \u00e0 tout combattant ne se reposant pas sur sa dext\u00e9rit\u00e9.<br \/>Ne pas oublier que les armures ne donnent pas de bonus contre les attaques de contact.<\/span><\/span><\/span><\/p>\t\t\t\t\t\t\t\t<\/div>\n\t\t\t\t\t<\/div>\n\t\t\t\t<\/div>\n\t\t<div class=\"elementor-element elementor-element-5b86bf5 e-flex e-con-boxed e-con e-parent\" data-id=\"5b86bf5\" data-element_type=\"container\">\n\t\t\t\t\t<div class=\"e-con-inner\">\n\t\t\t\t<div class=\"elementor-element elementor-element-30d917d elementor-widget elementor-widget-text-editor\" data-id=\"30d917d\" data-element_type=\"widget\" data-widget_type=\"text-editor.default\">\n\t\t\t\t\t\t\t\t\t<p align=\"LEFT\"><span style=\"color: #000000;\"><span style=\"font-family: Times New Roman, serif;\"><span style=\"font-size: medium;\"><strong>Autre \u00e9quipement<\/strong><\/span><\/span><\/span><\/p>\n<p>Certaines classes n\u00e9cessitent des \u00e9quipements particuliers :<\/p>\n<ul>\n<li>\n<p align=\"LEFT\"><strong><span style=\"color: #000000;\"><span style=\"font-family: Times New Roman, serif;\"><span style=\"font-size: medium;\">Barde<\/span><\/span><\/span><\/strong><span style=\"color: #000000;\"><span style=\"font-family: Times New Roman, serif;\"><span style=\"font-size: medium;\">&nbsp;: Les bardes pour un bon nombre de sorts ont besoin d&#8217;un instrument de musique.<\/span><\/span><\/span><\/p>\n<\/li>\n<li>\n<p align=\"LEFT\"><strong><span style=\"color: #000000;\"><span style=\"font-family: Times New Roman, serif;\"><span style=\"font-size: medium;\">Mage<\/span><\/span><\/span><\/strong><span style=\"color: #000000;\"><span style=\"font-family: Times New Roman, serif;\"><span style=\"font-size: medium;\">&nbsp;: Les mages ont besoin d&#8217;un grimoire o\u00f9 sont inscrit leurs sorts ainsi qu&#8217;une pochette de composantes magiques pour stocker les composants magiques habituels.<\/span><\/span><\/span><\/p>\n<\/li>\n<li>\n<p align=\"LEFT\"><strong><span style=\"color: #000000;\"><span style=\"font-family: Times New Roman, serif;\"><span style=\"font-size: medium;\">Ensorceleur<\/span><\/span><\/span><\/strong><span style=\"color: #000000;\"><span style=\"font-family: Times New Roman, serif;\"><span style=\"font-size: medium;\">&nbsp;: Les ensorceleurs n&#8217;ont pas besoin de grimoire, mais ont besoin d&#8217;une pochette de composante magique.<\/span><\/span><\/span><\/p>\n<\/li>\n<li>\n<p align=\"LEFT\"><strong><span style=\"color: #000000;\"><span style=\"font-family: Times New Roman, serif;\"><span style=\"font-size: medium;\">Paladin, clerc et oracle<\/span><\/span><\/span><\/strong><span style=\"color: #000000;\"><span style=\"font-family: Times New Roman, serif;\"><span style=\"font-size: medium;\"> : Tout les trois ont besoin d&#8217;un symbole sacr\u00e9 de leur dieux afin de pr\u00e9parer leur sort et parfois d&#8217;en lancer.<\/span><\/span><\/span><\/p>\n<\/li>\n<\/ul>\n<p align=\"LEFT\"><span style=\"color: #000000;\"><span style=\"font-family: Times New Roman, serif;\"><span style=\"font-size: medium;\">Mais de mani\u00e8re g\u00e9n\u00e9rale, \u00eatre bien arm\u00e9 et avoir une armure ne suffira pas pour un aventurier. Nombre&nbsp;d&#8217;autres \u00e9quipements&nbsp;peuvent leur \u00eatre utile.<br>Armes et armures, mais aussi parfois d&#8217;autres objets ont tous une mati\u00e8re &#8220;de base&#8221;. Les \u00e9p\u00e9es sont en aciers, les lances en bois&#8230; Mais des&nbsp;mat\u00e9riaux sp\u00e9ciaux&nbsp;existent aussi.<\/span><\/span><\/span><\/p>\t\t\t\t\t\t\t\t<\/div>\n\t\t\t\t\t<\/div>\n\t\t\t\t<\/div>\n\t\t<div class=\"elementor-element elementor-element-6fd49e0 e-flex e-con-boxed e-con e-parent\" data-id=\"6fd49e0\" data-element_type=\"container\">\n\t\t\t\t\t<div class=\"e-con-inner\">\n\t\t\t\t<div class=\"elementor-element elementor-element-0a30bf6 elementor-widget elementor-widget-button\" data-id=\"0a30bf6\" data-element_type=\"widget\" data-widget_type=\"button.default\">\n\t\t\t\t\t\t\t\t\t\t<a class=\"elementor-button elementor-button-link elementor-size-sm\" href=\"https:\/\/www.manuelcdm.fr\/index.php\/equipement-et-poids\/\">\n\t\t\t\t\t\t<span class=\"elementor-button-content-wrapper\">\n\t\t\t\t\t\t\t\t\t<span class=\"elementor-button-text\">\u00c9quipement et poids<\/span>\n\t\t\t\t\t<\/span>\n\t\t\t\t\t<\/a>\n\t\t\t\t\t\t\t\t<\/div>\n\t\t\t\t\t<\/div>\n\t\t\t\t<\/div>\n\t\t<div class=\"elementor-element elementor-element-cd45982 e-flex e-con-boxed e-con e-parent\" data-id=\"cd45982\" data-element_type=\"container\">\n\t\t\t\t\t<div class=\"e-con-inner\">\n\t\t\t\t<div class=\"elementor-element elementor-element-cf8e701 elementor-widget elementor-widget-text-editor\" data-id=\"cf8e701\" data-element_type=\"widget\" data-widget_type=\"text-editor.default\">\n\t\t\t\t\t\t\t\t\t<p style=\"margin-top: 0cm; margin-bottom: 1.06cm;\" align=\"LEFT\"><span style=\"color: #000000;\"><span style=\"font-family: Times New Roman, serif;\"><span style=\"font-size: medium;\">L&#8217;armure ainsi que le poids total transport\u00e9 peuvent avoir des influences n\u00e9fastes sur la vitesse du personnage, voire m\u00eame l&#8217;emp\u00eacher de de mouvoir totalement.<br \/>Il faut donc garder un oeil sur le poids de l&#8217;\u00e9quipement transport\u00e9 par le personnage. L&#8217;achat d&#8217;une mule ou d&#8217;un autre animal pour le transport peut aider \u00e0 r\u00e9soudre ce probl\u00e8me.<\/span><\/span><\/span><\/p>\t\t\t\t\t\t\t\t<\/div>\n\t\t\t\t\t<\/div>\n\t\t\t\t<\/div>\n\t\t\t\t<\/div>\n\t\t","protected":false},"excerpt":{"rendered":"<p>L&#8217;argentComme dans beaucoup de soci\u00e9t\u00e9, l&#8217;argent est vital. Dans les Royaumes Oubli\u00e9s, chaque royaume frappe sa propre monnaie, mais n\u00e9anmoins, pour des raisons commerciales, on peut classer la monnaie en 4 grandes sortes de pi\u00e8ces :La pi\u00e8ce d&#8217;or\u00a0: abr\u00e9g\u00e9e en po, il s&#8217;agit souvent de la pi\u00e8ce de base.La pi\u00e8ce d&#8217;argent\u00a0(pa) : 10 pa valent [&hellip;]<\/p>\n","protected":false},"author":1,"featured_media":0,"parent":0,"menu_order":0,"comment_status":"closed","ping_status":"closed","template":"","meta":{"_themeisle_gutenberg_block_has_review":false,"footnotes":""},"class_list":["post-847","page","type-page","status-publish","hentry"],"_links":{"self":[{"href":"https:\/\/www.manuelcdm.fr\/index.php\/wp-json\/wp\/v2\/pages\/847","targetHints":{"allow":["GET"]}}],"collection":[{"href":"https:\/\/www.manuelcdm.fr\/index.php\/wp-json\/wp\/v2\/pages"}],"about":[{"href":"https:\/\/www.manuelcdm.fr\/index.php\/wp-json\/wp\/v2\/types\/page"}],"author":[{"embeddable":true,"href":"https:\/\/www.manuelcdm.fr\/index.php\/wp-json\/wp\/v2\/users\/1"}],"replies":[{"embeddable":true,"href":"https:\/\/www.manuelcdm.fr\/index.php\/wp-json\/wp\/v2\/comments?post=847"}],"version-history":[{"count":20,"href":"https:\/\/www.manuelcdm.fr\/index.php\/wp-json\/wp\/v2\/pages\/847\/revisions"}],"predecessor-version":[{"id":890,"href":"https:\/\/www.manuelcdm.fr\/index.php\/wp-json\/wp\/v2\/pages\/847\/revisions\/890"}],"wp:attachment":[{"href":"https:\/\/www.manuelcdm.fr\/index.php\/wp-json\/wp\/v2\/media?parent=847"}],"curies":[{"name":"wp","href":"https:\/\/api.w.org\/{rel}","templated":true}]}}